{"id":1090,"date":"2022-07-25T15:14:09","date_gmt":"2022-07-25T14:14:09","guid":{"rendered":"https:\/\/www.uckg.org\/thelovewalk\/?page_id=1090"},"modified":"2022-08-08T18:09:20","modified_gmt":"2022-08-08T17:09:20","slug":"pt","status":"publish","type":"page","link":"https:\/\/www.uckg.org\/thelovewalk\/pt\/","title":{"rendered":"P\u00e1gina Principal"},"content":{"rendered":"\t\t<div data-elementor-type=\"wp-page\" data-elementor-id=\"1090\" class=\"elementor elementor-1090\" data-elementor-post-type=\"page\">\n\t\t\t\t\t\t<section class=\"elementor-section elementor-top-section elementor-element elementor-element-wjtnaha elementor-section-height-full elementor-section-boxed elementor-section-height-default elementor-section-items-middle\" data-id=\"wjtnaha\" data-element_type=\"section\" data-e-type=\"section\" data-settings=\"{&quot;background_background&quot;:&quot;classic&quot;}\">\n\t\t\t\t\t\t\t<div class=\"elementor-background-overlay\"><\/div>\n\t\t\t\t\t\t\t<div class=\"elementor-container elementor-column-gap-default\">\n\t\t\t\t\t<div class=\"elementor-column elementor-col-100 elementor-top-column elementor-element elementor-element-rrzpsbl\" data-id=\"rrzpsbl\" data-element_type=\"column\" data-e-type=\"column\">\n\t\t\t<div class=\"elementor-widget-wrap\">\n\t\t\t\t\t\t\t<\/div>\n\t\t<\/div>\n\t\t\t\t\t<\/div>\n\t\t<\/section>\n\t\t\t\t<section class=\"elementor-section elementor-top-section elementor-element elementor-element-nzqyrqu elementor-section-boxed elementor-section-height-default elementor-section-height-default\" data-id=\"nzqyrqu\" data-element_type=\"section\" data-e-type=\"section\" id=\"objective\">\n\t\t\t\t\t\t<div class=\"elementor-container elementor-column-gap-default\">\n\t\t\t\t\t<div class=\"elementor-column elementor-col-100 elementor-top-column elementor-element elementor-element-convgtc\" data-id=\"convgtc\" data-element_type=\"column\" data-e-type=\"column\">\n\t\t\t<div class=\"elementor-widget-wrap elementor-element-populated\">\n\t\t\t\t\t\t<div class=\"elementor-element elementor-element-cb91947 elementor-widget elementor-widget-spacer\" data-id=\"cb91947\" data-element_type=\"widget\" data-e-type=\"widget\" data-widget_type=\"spacer.default\">\n\t\t\t\t<div class=\"elementor-widget-container\">\n\t\t\t\t\t\t\t<div class=\"elementor-spacer\">\n\t\t\t<div class=\"elementor-spacer-inner\"><\/div>\n\t\t<\/div>\n\t\t\t\t\t\t<\/div>\n\t\t\t\t<\/div>\n\t\t\t\t<div class=\"elementor-element elementor-element-zcisvyi elementor-widget elementor-widget-heading\" data-id=\"zcisvyi\" data-element_type=\"widget\" data-e-type=\"widget\" id=\"thelovewalk\" data-widget_type=\"heading.default\">\n\t\t\t\t<div class=\"elementor-widget-container\">\n\t\t\t\t\t<h2 class=\"elementor-heading-title elementor-size-xl\">O QUE \u00c9 A CAMINHADA DO AMOR?<\/h2>\t\t\t\t<\/div>\n\t\t\t\t<\/div>\n\t\t\t\t<section class=\"elementor-section elementor-inner-section elementor-element elementor-element-4f79c6f elementor-section-boxed elementor-section-height-default elementor-section-height-default\" data-id=\"4f79c6f\" data-element_type=\"section\" data-e-type=\"section\">\n\t\t\t\t\t\t<div class=\"elementor-container elementor-column-gap-default\">\n\t\t\t\t\t<div class=\"elementor-column elementor-col-50 elementor-inner-column elementor-element elementor-element-04df16c\" data-id=\"04df16c\" data-element_type=\"column\" data-e-type=\"column\">\n\t\t\t<div class=\"elementor-widget-wrap elementor-element-populated\">\n\t\t\t\t\t\t<div class=\"elementor-element elementor-element-349e2f3 elementor-widget elementor-widget-text-editor\" data-id=\"349e2f3\" data-element_type=\"widget\" data-e-type=\"widget\" data-widget_type=\"text-editor.default\">\n\t\t\t\t<div class=\"elementor-widget-container\">\n\t\t\t\t\t\t\t\t\t<div><p class=\"Default\"><span style=\"font-variant-ligatures: normal; font-variant-caps: normal; font-family: Dosis; font-size: 18px; font-style: normal; font-weight: 600; color: #9a2260; text-align: justify;\">PARA OS SOLTEIROS, NAMORADOS OU NOIVOS<\/span><\/p><\/div><p style=\"font-weight: 400;\"><strong>The Love Walk <\/strong>foi criada para ajud\u00e1-lo(a) a se conhecer melhor e a conhecer a pessoa pela qual voc\u00ea est\u00e1 interessado(a). A fase de namoro e noivado \u00e9 o momento de descobrir quem \u00e9 o seu parceiro e analisar se voc\u00eas possuem os mesmos objetivos. Caso contr\u00e1rio, n\u00e3o ser\u00e3o capazes de caminhar na mesma dire\u00e7\u00e3o.<\/p><p>Com o avan\u00e7o da tecnologia e das redes sociais, poucos est\u00e3o dispostos a investir em uma rela\u00e7\u00e3o \u201colho no olho\u201d e interagir fora do mundo virtual.<\/p><p><strong>The<\/strong> <strong>Love Walk<\/strong> estimula esse momento t\u00e3o saud\u00e1vel para um relacionamento, para que solteiros, namorados e noivos possam investir no di\u00e1logo eficiente e, assim, descubram mais a respeito do(a) futuro(a) companheiro(a).<\/p><p><strong>PARA OS CASADOS<\/strong><\/p><p style=\"font-weight: 400;\">Com o tempo, a rotina pode sobrecarregar o casal e, assim, dificultar a manuten\u00e7\u00e3o di\u00e1ria da rela\u00e7\u00e3o, que requer momentos prazerosos, compreens\u00e3o e, principalmente, di\u00e1logo. Infelizmente, muitas s\u00e3o as esposas e os maridos que n\u00e3o conseguem encontrar uma oportunidade para se abrirem com a pessoa amada, seja pela falta de tempo ou por medo da rea\u00e7\u00e3o do(a) parceiro(a).<\/p><p>Pensando nisso, <strong>The Love Walk<\/strong> foi criada para ajudar casais a melhorarem o relacionamento por meio de uma conversa saud\u00e1vel e eficaz, para que, juntos, possam descobrir como atender melhor \u00e0s necessidades do c\u00f4njuge.<\/p><p>The Love Walk \u00e9 a oportunidade de investir em seu casamento de maneira inteligente!<\/p><p><strong>Por qu\u00ea n\u00e3o convidar um casal de conhecidos para que tamb\u00e9m participem da The Love Walk?<\/strong><\/p>\t\t\t\t\t\t\t\t<\/div>\n\t\t\t\t<\/div>\n\t\t\t\t\t<\/div>\n\t\t<\/div>\n\t\t\t\t<div class=\"elementor-column elementor-col-50 elementor-inner-column elementor-element elementor-element-36d7ce8\" data-id=\"36d7ce8\" data-element_type=\"column\" data-e-type=\"column\">\n\t\t\t<div class=\"elementor-widget-wrap elementor-element-populated\">\n\t\t\t\t\t\t<div class=\"elementor-element elementor-element-375e3a5 elementor-widget elementor-widget-image\" data-id=\"375e3a5\" data-element_type=\"widget\" data-e-type=\"widget\" data-widget_type=\"image.default\">\n\t\t\t\t<div class=\"elementor-widget-container\">\n\t\t\t\t\t\t\t\t\t\t\t\t\t\t\t<img fetchpriority=\"high\" decoding=\"async\" width=\"900\" height=\"900\" src=\"https:\/\/www.uckg.org\/thelovewalk\/wp-content\/uploads\/2022\/08\/LoveWalk-couple-1-copy-copy-1.jpg\" class=\"attachment-large size-large wp-image-1690\" alt=\"\" srcset=\"https:\/\/www.uckg.org\/thelovewalk\/wp-content\/uploads\/2022\/08\/LoveWalk-couple-1-copy-copy-1.jpg 900w, https:\/\/www.uckg.org\/thelovewalk\/wp-content\/uploads\/2022\/08\/LoveWalk-couple-1-copy-copy-1-300x300.jpg 300w, https:\/\/www.uckg.org\/thelovewalk\/wp-content\/uploads\/2022\/08\/LoveWalk-couple-1-copy-copy-1-150x150.jpg 150w, https:\/\/www.uckg.org\/thelovewalk\/wp-content\/uploads\/2022\/08\/LoveWalk-couple-1-copy-copy-1-768x768.jpg 768w, https:\/\/www.uckg.org\/thelovewalk\/wp-content\/uploads\/2022\/08\/LoveWalk-couple-1-copy-copy-1-600x600.jpg 600w\" sizes=\"(max-width: 900px) 100vw, 900px\" \/>\t\t\t\t\t\t\t\t\t\t\t\t\t\t\t<\/div>\n\t\t\t\t<\/div>\n\t\t\t\t<div class=\"elementor-element elementor-element-d8783ba elementor-widget elementor-widget-text-editor\" data-id=\"d8783ba\" data-element_type=\"widget\" data-e-type=\"widget\" data-widget_type=\"text-editor.default\">\n\t\t\t\t<div class=\"elementor-widget-container\">\n\t\t\t\t\t\t\t\t\t<div style=\"font-variant-ligatures: normal; font-variant-caps: normal; font-family: Dosis; font-size: 18px; font-style: normal; font-weight: 400; text-align: justify;\"><p><span style=\"color: #5a4848; font-size: 19px; font-weight: 600;\"><span style=\"color: #5a4848; font-size: 19px; font-weight: 600;\"><span style=\"color: #9a2260;\">LOCAL:<\/span> <strong>Todos os casais e solteiros se encontrar\u00e3o no Hyde Park<\/strong><br \/><\/span><\/span><\/p><p><strong>Esta\u00e7\u00f5es de metr\u00f4 mais pr\u00f3ximas: <\/strong><strong>Knightsbridge e Hyde Park Corner (Piccadilly Line) <\/strong><strong>Ponto de \u00f4nibus mais pr\u00f3ximos: <\/strong><strong>Hyde Park Corner (Stop W)<\/strong><\/p><\/div><div style=\"font-variant-ligatures: normal; font-variant-caps: normal; font-family: Dosis; font-size: 18px; font-style: normal; font-weight: 400; text-align: justify;\"><span style=\"font-size: 18px; font-weight: 600; color: #5a4848;\"><span style=\"color: #bf0a07;\"><span style=\"color: #9a2260;\">DATA:<\/span> <\/span><strong>S\u00e1bado, 27 de Agosto de 2022<\/strong><\/span><\/div><div style=\"font-variant-ligatures: normal; font-variant-caps: normal; font-family: Dosis; font-size: 18px; font-style: normal; font-weight: 400; text-align: justify;\"><span style=\"font-size: 19px; font-weight: 600; color: #5a4848;\"><span style=\"color: #9a2260;\">HOR\u00c1RIO:<\/span>\u00a01:30pm<br \/><br \/><\/span><\/div>\t\t\t\t\t\t\t\t<\/div>\n\t\t\t\t<\/div>\n\t\t\t\t\t<\/div>\n\t\t<\/div>\n\t\t\t\t\t<\/div>\n\t\t<\/section>\n\t\t\t\t\t<\/div>\n\t\t<\/div>\n\t\t\t\t\t<\/div>\n\t\t<\/section>\n\t\t\t\t<section class=\"elementor-section elementor-top-section elementor-element elementor-element-4017751 elementor-section-boxed elementor-section-height-default elementor-section-height-default\" data-id=\"4017751\" data-element_type=\"section\" data-e-type=\"section\" data-settings=\"{&quot;background_background&quot;:&quot;classic&quot;}\">\n\t\t\t\t\t\t<div class=\"elementor-container elementor-column-gap-default\">\n\t\t\t\t\t<div class=\"elementor-column elementor-col-100 elementor-top-column elementor-element elementor-element-2ca2be5\" data-id=\"2ca2be5\" data-element_type=\"column\" data-e-type=\"column\">\n\t\t\t<div class=\"elementor-widget-wrap elementor-element-populated\">\n\t\t\t\t\t\t<div class=\"elementor-element elementor-element-8e8e54b elementor-widget elementor-widget-heading\" data-id=\"8e8e54b\" data-element_type=\"widget\" data-e-type=\"widget\" id=\"therules\" data-widget_type=\"heading.default\">\n\t\t\t\t<div class=\"elementor-widget-container\">\n\t\t\t\t\t<h2 class=\"elementor-heading-title elementor-size-xl\">DICAS PARA UMA CAMINHADA PERFEITA<div><span style=\"font-size: 41px;font-weight: 600\"><\/span><br><\/div><\/h2>\t\t\t\t<\/div>\n\t\t\t\t<\/div>\n\t\t\t\t<section class=\"elementor-section elementor-inner-section elementor-element elementor-element-5f72ce0 elementor-section-boxed elementor-section-height-default elementor-section-height-default\" data-id=\"5f72ce0\" data-element_type=\"section\" data-e-type=\"section\">\n\t\t\t\t\t\t<div class=\"elementor-container elementor-column-gap-default\">\n\t\t\t\t\t<div class=\"elementor-column elementor-col-33 elementor-inner-column elementor-element elementor-element-c54ae0c\" data-id=\"c54ae0c\" data-element_type=\"column\" data-e-type=\"column\">\n\t\t\t<div class=\"elementor-widget-wrap elementor-element-populated\">\n\t\t\t\t\t\t<div class=\"elementor-element elementor-element-237581b elementor-widget elementor-widget-spacer\" data-id=\"237581b\" data-element_type=\"widget\" data-e-type=\"widget\" data-widget_type=\"spacer.default\">\n\t\t\t\t<div class=\"elementor-widget-container\">\n\t\t\t\t\t\t\t<div class=\"elementor-spacer\">\n\t\t\t<div class=\"elementor-spacer-inner\"><\/div>\n\t\t<\/div>\n\t\t\t\t\t\t<\/div>\n\t\t\t\t<\/div>\n\t\t\t\t<div class=\"elementor-element elementor-element-3e9faed elementor-widget elementor-widget-image\" data-id=\"3e9faed\" data-element_type=\"widget\" data-e-type=\"widget\" data-widget_type=\"image.default\">\n\t\t\t\t<div class=\"elementor-widget-container\">\n\t\t\t\t\t\t\t\t\t\t\t\t\t\t\t<img decoding=\"async\" width=\"421\" height=\"612\" src=\"https:\/\/www.uckg.org\/thelovewalk\/wp-content\/uploads\/2022\/08\/Couple-1-copy-3.jpg\" class=\"attachment-medium_large size-medium_large wp-image-1694\" alt=\"\" srcset=\"https:\/\/www.uckg.org\/thelovewalk\/wp-content\/uploads\/2022\/08\/Couple-1-copy-3.jpg 421w, https:\/\/www.uckg.org\/thelovewalk\/wp-content\/uploads\/2022\/08\/Couple-1-copy-3-206x300.jpg 206w\" sizes=\"(max-width: 421px) 100vw, 421px\" \/>\t\t\t\t\t\t\t\t\t\t\t\t\t\t\t<\/div>\n\t\t\t\t<\/div>\n\t\t\t\t\t<\/div>\n\t\t<\/div>\n\t\t\t\t<div class=\"elementor-column elementor-col-33 elementor-inner-column elementor-element elementor-element-7fcc77b\" data-id=\"7fcc77b\" data-element_type=\"column\" data-e-type=\"column\">\n\t\t\t<div class=\"elementor-widget-wrap elementor-element-populated\">\n\t\t\t\t\t\t<div class=\"elementor-element elementor-element-1a19b77 elementor-widget elementor-widget-text-editor\" data-id=\"1a19b77\" data-element_type=\"widget\" data-e-type=\"widget\" data-widget_type=\"text-editor.default\">\n\t\t\t\t<div class=\"elementor-widget-container\">\n\t\t\t\t\t\t\t\t\t<ul><li>Escolham um local seguro e agrad\u00e1vel para a caminhada.<\/li><li>O recomendado \u00e9 que separem 2 ou 3 horas para realizarem a caminhada.<\/li><li>Lembrem-se de levar uma garrafa com \u00e1gua e, se desejarem, lanche para um piquenique.<\/li><li>Evitem distra\u00e7\u00f5es como celulares, animais ou filhos.<\/li><li>Ambos devem responder o que for pertinente, com sinceridade e sem poupar detalhes.<\/li><li>Cuidado com assuntos delicados. Sejam s\u00e1bios no momento de responder \u00e0s perguntas, sempre mantendo o tom positivo.<\/li><li>Poss\u00edveis ataques, cr\u00edticas, julgamentos, discuss\u00f5es ou ofensas n\u00e3o devem fazer parte deste momento. \u00c9 hora de conversarem!<\/li><li>N\u00e3o se interrompam! Se surgir alguma d\u00favida durante a resposta, aguarde a sua vez de falar.<\/li><li>Caso n\u00e3o consigam responder todas as perguntas, tudo bem! Este guia \u00e9 apenas uma base para fazer deste momento um h\u00e1bito.<\/li><li>Voc\u00eas n\u00e3o devem se apressar para terminar a conversa. N\u00e3o se preocupem com o tempo!<\/li><\/ul><p>\u00a0<\/p>\t\t\t\t\t\t\t\t<\/div>\n\t\t\t\t<\/div>\n\t\t\t\t<div class=\"elementor-element elementor-element-60056ea elementor-widget elementor-widget-spacer\" data-id=\"60056ea\" data-element_type=\"widget\" data-e-type=\"widget\" data-widget_type=\"spacer.default\">\n\t\t\t\t<div class=\"elementor-widget-container\">\n\t\t\t\t\t\t\t<div class=\"elementor-spacer\">\n\t\t\t<div class=\"elementor-spacer-inner\"><\/div>\n\t\t<\/div>\n\t\t\t\t\t\t<\/div>\n\t\t\t\t<\/div>\n\t\t\t\t\t<\/div>\n\t\t<\/div>\n\t\t\t\t<div class=\"elementor-column elementor-col-33 elementor-inner-column elementor-element elementor-element-79fd658\" data-id=\"79fd658\" data-element_type=\"column\" data-e-type=\"column\">\n\t\t\t<div class=\"elementor-widget-wrap elementor-element-populated\">\n\t\t\t\t\t\t<div class=\"elementor-element elementor-element-c039dea elementor-widget elementor-widget-image\" data-id=\"c039dea\" data-element_type=\"widget\" data-e-type=\"widget\" data-widget_type=\"image.default\">\n\t\t\t\t<div class=\"elementor-widget-container\">\n\t\t\t\t\t\t\t\t\t\t\t\t\t\t\t<img decoding=\"async\" width=\"421\" height=\"612\" src=\"https:\/\/www.uckg.org\/thelovewalk\/wp-content\/uploads\/2022\/08\/Couple-2-copy-4.jpg\" class=\"attachment-medium_large size-medium_large wp-image-1695\" alt=\"\" srcset=\"https:\/\/www.uckg.org\/thelovewalk\/wp-content\/uploads\/2022\/08\/Couple-2-copy-4.jpg 421w, https:\/\/www.uckg.org\/thelovewalk\/wp-content\/uploads\/2022\/08\/Couple-2-copy-4-206x300.jpg 206w\" sizes=\"(max-width: 421px) 100vw, 421px\" \/>\t\t\t\t\t\t\t\t\t\t\t\t\t\t\t<\/div>\n\t\t\t\t<\/div>\n\t\t\t\t\t<\/div>\n\t\t<\/div>\n\t\t\t\t\t<\/div>\n\t\t<\/section>\n\t\t\t\t<div class=\"elementor-element elementor-element-edbbcdd elementor-widget elementor-widget-spacer\" data-id=\"edbbcdd\" data-element_type=\"widget\" data-e-type=\"widget\" data-widget_type=\"spacer.default\">\n\t\t\t\t<div class=\"elementor-widget-container\">\n\t\t\t\t\t\t\t<div class=\"elementor-spacer\">\n\t\t\t<div class=\"elementor-spacer-inner\"><\/div>\n\t\t<\/div>\n\t\t\t\t\t\t<\/div>\n\t\t\t\t<\/div>\n\t\t\t\t\t<\/div>\n\t\t<\/div>\n\t\t\t\t\t<\/div>\n\t\t<\/section>\n\t\t\t\t<section class=\"elementor-section elementor-top-section elementor-element elementor-element-f515eb4 elementor-section-boxed elementor-section-height-default elementor-section-height-default\" data-id=\"f515eb4\" data-element_type=\"section\" data-e-type=\"section\">\n\t\t\t\t\t\t<div class=\"elementor-container elementor-column-gap-default\">\n\t\t\t\t\t<div class=\"elementor-column elementor-col-100 elementor-top-column elementor-element elementor-element-7ab3d0f\" data-id=\"7ab3d0f\" data-element_type=\"column\" data-e-type=\"column\">\n\t\t\t<div class=\"elementor-widget-wrap elementor-element-populated\">\n\t\t\t\t\t\t<div class=\"elementor-element elementor-element-87ffbbc elementor-widget elementor-widget-spacer\" data-id=\"87ffbbc\" data-element_type=\"widget\" data-e-type=\"widget\" data-widget_type=\"spacer.default\">\n\t\t\t\t<div class=\"elementor-widget-container\">\n\t\t\t\t\t\t\t<div class=\"elementor-spacer\">\n\t\t\t<div class=\"elementor-spacer-inner\"><\/div>\n\t\t<\/div>\n\t\t\t\t\t\t<\/div>\n\t\t\t\t<\/div>\n\t\t\t\t\t<\/div>\n\t\t<\/div>\n\t\t\t\t\t<\/div>\n\t\t<\/section>\n\t\t\t\t<section class=\"elementor-section elementor-top-section elementor-element elementor-element-7b2a2fb elementor-section-boxed elementor-section-height-default elementor-section-height-default\" data-id=\"7b2a2fb\" data-element_type=\"section\" data-e-type=\"section\">\n\t\t\t\t\t\t<div class=\"elementor-container elementor-column-gap-default\">\n\t\t\t\t\t<div class=\"elementor-column elementor-col-100 elementor-top-column elementor-element elementor-element-ac21245\" data-id=\"ac21245\" data-element_type=\"column\" data-e-type=\"column\">\n\t\t\t<div class=\"elementor-widget-wrap elementor-element-populated\">\n\t\t\t\t\t\t<div class=\"elementor-element elementor-element-14905de elementor-widget elementor-widget-spacer\" data-id=\"14905de\" data-element_type=\"widget\" data-e-type=\"widget\" data-widget_type=\"spacer.default\">\n\t\t\t\t<div class=\"elementor-widget-container\">\n\t\t\t\t\t\t\t<div class=\"elementor-spacer\">\n\t\t\t<div class=\"elementor-spacer-inner\"><\/div>\n\t\t<\/div>\n\t\t\t\t\t\t<\/div>\n\t\t\t\t<\/div>\n\t\t\t\t\t<\/div>\n\t\t<\/div>\n\t\t\t\t\t<\/div>\n\t\t<\/section>\n\t\t\t\t<section class=\"elementor-section elementor-top-section elementor-element elementor-element-862dfde elementor-section-boxed elementor-section-height-default elementor-section-height-default\" data-id=\"862dfde\" data-element_type=\"section\" data-e-type=\"section\">\n\t\t\t\t\t\t<div class=\"elementor-container elementor-column-gap-default\">\n\t\t\t\t\t<div class=\"elementor-column elementor-col-50 elementor-top-column elementor-element elementor-element-95144f1\" data-id=\"95144f1\" data-element_type=\"column\" data-e-type=\"column\">\n\t\t\t<div class=\"elementor-widget-wrap elementor-element-populated\">\n\t\t\t\t\t\t<div class=\"elementor-element elementor-element-5e5f3bc elementor-widget elementor-widget-heading\" data-id=\"5e5f3bc\" data-element_type=\"widget\" data-e-type=\"widget\" id=\"lovewalkkit\" data-widget_type=\"heading.default\">\n\t\t\t\t<div class=\"elementor-widget-container\">\n\t\t\t\t\t<h2 class=\"elementor-heading-title elementor-size-xl\"><span class=\"love-walk-kit-kit\">KIT THE LOVE WALK<\/span><\/h2>\t\t\t\t<\/div>\n\t\t\t\t<\/div>\n\t\t\t\t<div class=\"elementor-element elementor-element-af439a9 elementor-widget elementor-widget-text-editor\" data-id=\"af439a9\" data-element_type=\"widget\" data-e-type=\"widget\" data-widget_type=\"text-editor.default\">\n\t\t\t\t<div class=\"elementor-widget-container\">\n\t\t\t\t\t\t\t\t\t<p>O kit The Love Walk consiste em:<\/p><p>Duas camisetas (dispon\u00edveis nos tamanhos pequeno, m\u00e9dio, grande, extra-grande, 2x grande, 3x grande e 4x grande).<\/p><p>Um folheto contendo perguntas valiosas que te ajudar\u00e3o a conhecer melhor a sua outra metade. O folheto varia dependendo do seu estado civil. H\u00e1 quest\u00f5es tanto para os solteiros quanto para os casados.<\/p><div><span lang=\"PT-BR\">Adquira o seu kit na sua livraria <a href=\"http:\/\/www.christianbooks-plus.com.\/\"><strong>Christian Books Plus<\/strong><\/a> <\/span><\/div><p style=\"font-weight: 400;\">mais pr\u00f3xima.\u00a0<\/p><p><strong>The Love Walk: promovendo di\u00e1logo entre os casais. <\/strong><\/p>\t\t\t\t\t\t\t\t<\/div>\n\t\t\t\t<\/div>\n\t\t\t\t\t<\/div>\n\t\t<\/div>\n\t\t\t\t<div class=\"elementor-column elementor-col-50 elementor-top-column elementor-element elementor-element-0f8f2d0\" data-id=\"0f8f2d0\" data-element_type=\"column\" data-e-type=\"column\">\n\t\t\t<div class=\"elementor-widget-wrap elementor-element-populated\">\n\t\t\t\t\t\t<div class=\"elementor-element elementor-element-ed98a09 elementor-widget elementor-widget-spacer\" data-id=\"ed98a09\" data-element_type=\"widget\" data-e-type=\"widget\" data-widget_type=\"spacer.default\">\n\t\t\t\t<div class=\"elementor-widget-container\">\n\t\t\t\t\t\t\t<div class=\"elementor-spacer\">\n\t\t\t<div class=\"elementor-spacer-inner\"><\/div>\n\t\t<\/div>\n\t\t\t\t\t\t<\/div>\n\t\t\t\t<\/div>\n\t\t\t\t<div class=\"elementor-element elementor-element-b3ac559 elementor-widget elementor-widget-image\" data-id=\"b3ac559\" data-element_type=\"widget\" data-e-type=\"widget\" data-widget_type=\"image.default\">\n\t\t\t\t<div class=\"elementor-widget-container\">\n\t\t\t\t\t\t\t\t\t\t\t\t\t\t\t\t<a href=\"https:\/\/christianbooks-plus.com\/product\/the-love-walk-kit-2019-singles-dating-engaged\/\" target=\"_blank\">\n\t\t\t\t\t\t\t<img loading=\"lazy\" decoding=\"async\" width=\"1500\" height=\"1500\" src=\"https:\/\/www.uckg.org\/thelovewalk\/wp-content\/uploads\/2022\/08\/LoveWalk_kit-insta.jpg\" class=\"attachment-full size-full wp-image-1706\" alt=\"\" srcset=\"https:\/\/www.uckg.org\/thelovewalk\/wp-content\/uploads\/2022\/08\/LoveWalk_kit-insta.jpg 1500w, https:\/\/www.uckg.org\/thelovewalk\/wp-content\/uploads\/2022\/08\/LoveWalk_kit-insta-300x300.jpg 300w, https:\/\/www.uckg.org\/thelovewalk\/wp-content\/uploads\/2022\/08\/LoveWalk_kit-insta-1024x1024.jpg 1024w, https:\/\/www.uckg.org\/thelovewalk\/wp-content\/uploads\/2022\/08\/LoveWalk_kit-insta-150x150.jpg 150w, https:\/\/www.uckg.org\/thelovewalk\/wp-content\/uploads\/2022\/08\/LoveWalk_kit-insta-768x768.jpg 768w, https:\/\/www.uckg.org\/thelovewalk\/wp-content\/uploads\/2022\/08\/LoveWalk_kit-insta-600x600.jpg 600w\" sizes=\"(max-width: 1500px) 100vw, 1500px\" \/>\t\t\t\t\t\t\t\t<\/a>\n\t\t\t\t\t\t\t\t\t\t\t\t\t\t\t<\/div>\n\t\t\t\t<\/div>\n\t\t\t\t\t<\/div>\n\t\t<\/div>\n\t\t\t\t\t<\/div>\n\t\t<\/section>\n\t\t\t\t<\/div>\n\t\t","protected":false},"excerpt":{"rendered":"<p>O QUE \u00c9 A CAMINHADA DO AMOR? PARA OS SOLTEIROS, NAMORADOS OU NOIVOS The Love Walk foi criada para ajud\u00e1-lo(a) a se conhecer melhor e a conhecer a pessoa pela qual voc\u00ea est\u00e1 interessado(a). A fase de namoro e noivado \u00e9 o momento de descobrir quem \u00e9 o seu parceiro e analisar se voc\u00eas possuem [&hellip;]<\/p>\n","protected":false},"author":2,"featured_media":0,"parent":0,"menu_order":0,"comment_status":"closed","ping_status":"closed","template":"","meta":{"ocean_post_layout":"full-screen","ocean_both_sidebars_style":"","ocean_both_sidebars_content_width":0,"ocean_both_sidebars_sidebars_width":0,"ocean_sidebar":"0","ocean_second_sidebar":"0","ocean_disable_margins":"on","ocean_add_body_class":"","ocean_shortcode_before_top_bar":"","ocean_shortcode_after_top_bar":"","ocean_shortcode_before_header":"","ocean_shortcode_after_header":"","ocean_has_shortcode":"","ocean_shortcode_after_title":"","ocean_shortcode_before_footer_widgets":"","ocean_shortcode_after_footer_widgets":"","ocean_shortcode_before_footer_bottom":"","ocean_shortcode_after_footer_bottom":"","ocean_display_top_bar":"default","ocean_display_header":"default","ocean_header_style":"","ocean_center_header_left_menu":"0","ocean_custom_header_template":"0","ocean_custom_logo":0,"ocean_custom_retina_logo":0,"ocean_custom_logo_max_width":0,"ocean_custom_logo_tablet_max_width":0,"ocean_custom_logo_mobile_max_width":0,"ocean_custom_logo_max_height":0,"ocean_custom_logo_tablet_max_height":0,"ocean_custom_logo_mobile_max_height":0,"ocean_header_custom_menu":"0","ocean_menu_typo_font_family":"0","ocean_menu_typo_font_subset":"","ocean_menu_typo_font_size":0,"ocean_menu_typo_font_size_tablet":0,"ocean_menu_typo_font_size_mobile":0,"ocean_menu_typo_font_size_unit":"px","ocean_menu_typo_font_weight":"","ocean_menu_typo_font_weight_tablet":"","ocean_menu_typo_font_weight_mobile":"","ocean_menu_typo_transform":"","ocean_menu_typo_transform_tablet":"","ocean_menu_typo_transform_mobile":"","ocean_menu_typo_line_height":0,"ocean_menu_typo_line_height_tablet":0,"ocean_menu_typo_line_height_mobile":0,"ocean_menu_typo_line_height_unit":"","ocean_menu_typo_spacing":0,"ocean_menu_typo_spacing_tablet":0,"ocean_menu_typo_spacing_mobile":0,"ocean_menu_typo_spacing_unit":"","ocean_menu_link_color":"","ocean_menu_link_color_hover":"","ocean_menu_link_color_active":"","ocean_menu_link_background":"","ocean_menu_link_hover_background":"","ocean_menu_link_active_background":"","ocean_menu_social_links_bg":"","ocean_menu_social_hover_links_bg":"","ocean_menu_social_links_color":"","ocean_menu_social_hover_links_color":"","ocean_disable_title":"on","ocean_disable_heading":"default","ocean_post_title":"","ocean_post_subheading":"","ocean_post_title_style":"","ocean_post_title_background_color":"","ocean_post_title_background":0,"ocean_post_title_bg_image_position":"","ocean_post_title_bg_image_attachment":"","ocean_post_title_bg_image_repeat":"","ocean_post_title_bg_image_size":"","ocean_post_title_height":0,"ocean_post_title_bg_overlay":0.5,"ocean_post_title_bg_overlay_color":"","ocean_disable_breadcrumbs":"default","ocean_breadcrumbs_color":"","ocean_breadcrumbs_separator_color":"","ocean_breadcrumbs_links_color":"","ocean_breadcrumbs_links_hover_color":"","ocean_display_footer_widgets":"default","ocean_display_footer_bottom":"default","ocean_custom_footer_template":"0","footnotes":""},"class_list":["post-1090","page","type-page","status-publish","hentry","entry"],"_links":{"self":[{"href":"https:\/\/www.uckg.org\/thelovewalk\/wp-json\/wp\/v2\/pages\/1090","targetHints":{"allow":["GET"]}}],"collection":[{"href":"https:\/\/www.uckg.org\/thelovewalk\/wp-json\/wp\/v2\/pages"}],"about":[{"href":"https:\/\/www.uckg.org\/thelovewalk\/wp-json\/wp\/v2\/types\/page"}],"author":[{"embeddable":true,"href":"https:\/\/www.uckg.org\/thelovewalk\/wp-json\/wp\/v2\/users\/2"}],"replies":[{"embeddable":true,"href":"https:\/\/www.uckg.org\/thelovewalk\/wp-json\/wp\/v2\/comments?post=1090"}],"version-history":[{"count":5,"href":"https:\/\/www.uckg.org\/thelovewalk\/wp-json\/wp\/v2\/pages\/1090\/revisions"}],"predecessor-version":[{"id":1739,"href":"https:\/\/www.uckg.org\/thelovewalk\/wp-json\/wp\/v2\/pages\/1090\/revisions\/1739"}],"wp:attachment":[{"href":"https:\/\/www.uckg.org\/thelovewalk\/wp-json\/wp\/v2\/media?parent=1090"}],"curies":[{"name":"wp","href":"https:\/\/api.w.org\/{rel}","templated":true}]}}