{"id":1779,"date":"2025-06-18T14:43:46","date_gmt":"2025-06-18T14:43:46","guid":{"rendered":"https:\/\/www.uckg.org\/fastofdaniel\/?page_id=1530"},"modified":"2025-07-07T12:59:48","modified_gmt":"2025-07-07T12:59:48","slug":"questions-about-the-holy-spirit","status":"publish","type":"page","link":"https:\/\/www.uckg.org\/jejumdedaniel\/questions-about-the-holy-spirit\/","title":{"rendered":"QUESTIONS ABOUT THE HOLY SPIRIT"},"content":{"rendered":"<p><div class=\"fusion-fullwidth fullwidth-box fusion-builder-row-1 fusion-flex-container has-pattern-background has-mask-background fusion-parallax-none nonhundred-percent-fullwidth non-hundred-percent-height-scrolling\" style=\"--awb-border-radius-top-left:0px;--awb-border-radius-top-right:0px;--awb-border-radius-bottom-right:0px;--awb-border-radius-bottom-left:0px;--awb-padding-top:9vw;--awb-margin-bottom:120px;--awb-background-image:linear-gradient(152deg, var(--awb-color7) 0%,hsla(var(--awb-color7-h),var(--awb-color7-s),var(--awb-color7-l),calc(var(--awb-color7-a) - 85%)) 70%),url(https:\/\/www.uckg.org\/jejumdedaniel\/wp-content\/uploads\/2025\/06\/shutterstock_140475226-scaled-1.jpg);;--awb-background-size:cover;--awb-flex-wrap:wrap;\" ><div class=\"fusion-builder-row fusion-row fusion-flex-align-items-stretch fusion-flex-justify-content-center fusion-flex-content-wrap\" style=\"max-width:1144px;margin-left: calc(-4% \/ 2 );margin-right: calc(-4% \/ 2 );\"><div class=\"fusion-layout-column fusion_builder_column fusion-builder-column-0 fusion_builder_column_1_1 1_1 fusion-flex-column\" style=\"--awb-bg-size:cover;--awb-width-large:100%;--awb-margin-top-large:0px;--awb-spacing-right-large:1.92%;--awb-margin-bottom-large:85px;--awb-spacing-left-large:1.92%;--awb-width-medium:100%;--awb-order-medium:0;--awb-spacing-right-medium:1.92%;--awb-spacing-left-medium:1.92%;--awb-width-small:100%;--awb-order-small:0;--awb-spacing-right-small:1.92%;--awb-spacing-left-small:1.92%;\"><div class=\"fusion-column-wrapper fusion-column-has-shadow fusion-flex-justify-content-flex-start fusion-content-layout-column\"><div class=\"fusion-text fusion-text-1\" style=\"--awb-font-size:80px;--awb-line-height:1;--awb-text-color:var(--awb-color1);--awb-text-font-family:&quot;Allura&quot;;--awb-text-font-style:normal;--awb-text-font-weight:400;\"><p style=\"text-align: center;\">Suas perguntas respondidas<\/p>\n<\/div><\/div><\/div><\/div><\/div><div class=\"fusion-fullwidth fullwidth-box fusion-builder-row-2 fusion-flex-container has-pattern-background has-mask-background nonhundred-percent-fullwidth non-hundred-percent-height-scrolling\" style=\"--awb-border-radius-top-left:0px;--awb-border-radius-top-right:0px;--awb-border-radius-bottom-right:0px;--awb-border-radius-bottom-left:0px;--awb-flex-wrap:wrap;\" ><div class=\"fusion-builder-row fusion-row fusion-flex-align-items-flex-start fusion-flex-content-wrap\" style=\"max-width:1144px;margin-left: calc(-4% \/ 2 );margin-right: calc(-4% \/ 2 );\"><div class=\"fusion-layout-column fusion_builder_column fusion-builder-column-1 fusion_builder_column_4_5 4_5 fusion-flex-column\" style=\"--awb-bg-size:cover;--awb-width-large:80%;--awb-margin-top-large:-130px;--awb-spacing-right-large:2.4%;--awb-margin-bottom-large:20px;--awb-spacing-left-large:2.4%;--awb-width-medium:100%;--awb-order-medium:0;--awb-spacing-right-medium:1.92%;--awb-spacing-left-medium:1.92%;--awb-width-small:100%;--awb-order-small:0;--awb-spacing-right-small:1.92%;--awb-spacing-left-small:1.92%;\"><div class=\"fusion-column-wrapper fusion-column-has-shadow fusion-flex-justify-content-flex-start fusion-content-layout-column\"><div class=\"fusion-text fusion-text-2\"><p><!-- Main Content --><\/p>\n<section style=\"padding: 40px 20px; max-width: 900px; margin: 0 auto; line-height: 1.6;\">\n<h2 class=\"fusion-responsive-typography-calculated\" style=\"--fontsize: 48; line-height: 1.25;\" data-fusion-font=\"true\" data-fontsize=\"48\" data-lineheight=\"60px\">&nbsp;<\/h2>\n<p><b style=\"color: #07747d;\">1. QUEM \u00c9 O ESP\u00cdRITO SANTO?<\/b><\/p>\n<p>Ele \u00e9 a Terceira Pessoa da Sant\u00edssima Trindade, o Consolador, o Esp\u00edrito de Deus, o Guia e o Criador.<\/p>\n<p>O Esp\u00edrito Santo \u00e9 Aquele que p\u00f5e fim ao caos e Aquele que tem o poder de nos tornar a morada do Todo-Poderoso.<\/p>\n<p><b style=\"color: #07747d;\">2. QUAL \u00c9 O PAPEL DO ESP\u00cdRITO SANTO EM NOSSA VIDA?<\/b><\/p>\n<p>O Esp\u00edrito Santo nos d\u00e1 o DNA de Deus, dando-nos a certeza de que somos filhos de Deus.<\/p>\n<p>Ele nos convence dos nossos pecados \u2013 tornando imposs\u00edvel que n\u00e3o mudemos. Ele quebranta nossos cora\u00e7\u00f5es para nos levar ao arrependimento e nos oferece ajuda para mudar.<\/p>\n<p style=\"color: #07747d;\"><b>3. O QUE \u00c9 O BATISMO DO ESP\u00cdRITO SANTO?<\/b><\/p>\n<p>\u00c9 a confirma\u00e7\u00e3o e a certeza da natureza de Deus dentro de n\u00f3s. Uma troca. Da velha criatura por uma nova, recebendo a natureza divina.<\/p>\n<p>A principal prova do batismo do Esp\u00edrito Santo \u00e9 o testemunho pessoal do car\u00e1ter de uma pessoa.<\/p>\n<p><b style=\"color: #07747d;\">4. COMO RECEBO O ESP\u00cdRITO SANTO?<\/b><\/p>\n<p>Quem deseja ser batizado no Esp\u00edrito Santo precisa primeiro nascer de Deus \u2013 tornar-se Sua propriedade e templo, antes que Ele possa habitar nele.<\/p>\n<p>Requer simplicidade de f\u00e9:<\/p>\n<p>\u201cMas, como cressem em Filipe, que lhes pregava acerca do reino de Deus, e do nome de Jesus Cristo, se batizavam, tanto homens como mulheres.\u201d \u2013 Atos 8:12<\/p>\n<p>Muitos querem embelezar a Palavra e o batismo do Esp\u00edrito Santo, mas o \u00fanico requisito necess\u00e1rio \u00e9 ter f\u00e9, fome e desejo de receber o Esp\u00edrito Santo.<\/p>\n<p><b style=\"color: #07747d;\">5. QUAIS S\u00c3O OS DONS DO ESP\u00cdRITO SANTO?<\/b><\/p>\n<p>Ora, h\u00e1 diversidade de dons, mas o Esp\u00edrito \u00e9 o mesmo. E h\u00e1 diversidade de minist\u00e9rios, mas o Senhor \u00e9 o mesmo. E h\u00e1 diversidade de opera\u00e7\u00f5es, mas \u00e9 o mesmo Deus que opera tudo em todos. Mas a manifesta\u00e7\u00e3o do Esp\u00edrito \u00e9 dada a cada um, para o que for \u00fatil. Porque a um pelo Esp\u00edrito \u00e9 dada a palavra da sabedoria; e a outro, pelo mesmo Esp\u00edrito, a palavra do conhecimento; E a outro, pelo mesmo Esp\u00edrito, a f\u00e9; e a outro, pelo mesmo Esp\u00edrito, os dons de curar; E a outro a opera\u00e7\u00e3o de maravilhas; e a outro a profecia; e a outro o dom de discernir os esp\u00edritos; e a outro a variedade de l\u00ednguas; e a outro a interpreta\u00e7\u00e3o das l\u00ednguas\u2019. \u2013 1 Cor\u00edntios 12:4-10.<\/p>\n<p>O Esp\u00edrito Santo \u00e9 a fonte de todos os dons, que s\u00e3o os dons de Deus, para que possamos servi-Lo.<\/p>\n<p><b style=\"color: #07747d;\">6. QUAL \u00c9 O FRUTO DO ESP\u00cdRITO?<\/b><\/p>\n<p>O Esp\u00edrito Santo \u00e9 invis\u00edvel e intoc\u00e1vel, mas se manifesta por meio daqueles que O t\u00eam. Portanto, sabendo se algu\u00e9m tem ou n\u00e3o o Esp\u00edrito Santo e \u00e9 guiado por ele, precisamos garantir que nossas vidas produzam o Seu fruto.<\/p>\n<p>\u201cMas o fruto do Esp\u00edrito \u00e9: amor, gozo, paz, longanimidade, benignidade, bondade, f\u00e9, mansid\u00e3o, temperan\u00e7a. Contra estas coisas n\u00e3o h\u00e1 lei.\u201d \u2013 G\u00e1latas 5:22-23<\/p>\n<p>Este fruto vem somente de Deus. Somente Ele pode nos capacitar a superar a n\u00f3s mesmos, a superar o conflito di\u00e1rio que enfrentamos com a nossa natureza, que sempre insiste em se voltar para o mal.<\/p>\n<p><b style=\"color: #07747d;\">7. COMO POSSO RECONHECER A VOZ DO ESP\u00cdRITO SANTO?<\/b><\/p>\n<p>Todos os dias, ouvimos vozes. Sejam elas de outras pessoas ou do Esp\u00edrito de Deus, todas t\u00eam um objetivo: nos influenciar a escolher o bem ou o mal.<\/p>\n<p>Muitas vozes podem ter boas inten\u00e7\u00f5es, mas, devido \u00e0 sua origem, acabam nos desviando do caminho. Outras, desde o in\u00edcio, t\u00eam a inten\u00e7\u00e3o de fazer o mal. S\u00f3 existe uma Voz que \u00e9 puramente boa: a Voz que sai da boca de Deus.<\/p>\n<p>Ela fala por meio da Palavra Escrita ou por meio daqueles em quem fluem rios de \u00c1gua Viva.<\/p>\n<p>Rios de \u00c1gua Viva s\u00e3o palavras de f\u00e9, encorajamento, despertar, coragem, reavivamento \u2014 tudo o que levanta os ca\u00eddos, ressuscita os mortos e traz vida onde antes havia morte.<\/p>\n<p>Para absorv\u00ea-los verdadeiramente, no entanto, precisamos fugir das outras vozes e fixar nosso olhar f\u00edsico e espiritual na Palavra escrita.<\/p>\n<p style=\"color: #07747d;\"><b>8. POR QUE PRECISO DO ESP\u00cdRITO SANTO?<\/b><\/p>\n<p>Precisamos do Esp\u00edrito Santo por v\u00e1rios motivos importantes. Primeiro, ele nos d\u00e1 a certeza da salva\u00e7\u00e3o eterna da nossa alma e a certeza de que Deus \u2014 o Pai do Senhor Jesus Cristo \u2014 tamb\u00e9m se tornou nosso Pai. Ele tamb\u00e9m nos garante que um dia estaremos com Ele para sempre. Somente o Esp\u00edrito de Deus dentro de n\u00f3s pode oferecer essa certeza. O Esp\u00edrito Santo n\u00e3o \u00e9 simplesmente uma op\u00e7\u00e3o ou um requisito para ocupar um cargo na igreja, como membro, obreiro, pastor ou bispo. Pelo contr\u00e1rio, ele \u00e9 essencial para nos tornarmos membros do Corpo de Cristo \u2014 isto \u00e9, para sermos verdadeiramente salvos. Al\u00e9m disso, o Esp\u00edrito Santo confirma que somos filhos de Deus. Visto que muitos crist\u00e3os lutam para manter a f\u00e9, o Esp\u00edrito Santo tamb\u00e9m \u00e9 vital para manter a nossa f\u00e9 viva.<\/p>\n<ol start=\"9\">\n<li><strong> <span style=\"color: #07747d;\">O Jejum de Daniel afetar\u00e1 minha capacidade de trabalhar se eu usar a internet?<\/span><\/strong><\/li>\n<\/ol>\n<p>Se o seu trabalho envolve o uso da internet ou das redes sociais, voc\u00ea pode continuar a faz\u00ea-lo. No entanto, certifique-se de us\u00e1-las estritamente para tarefas relacionadas ao trabalho e evite se distrair com outras coisas. Lembre-se: o segredo \u00e9 manter o foco, n\u00e3o permitindo que nada desvie sua aten\u00e7\u00e3o do prop\u00f3sito do Jejum.<\/p>\n<ol start=\"10\">\n<li><strong> <span style=\"color: #07747d;\">Quando come\u00e7a e termina o Jejum de Daniel?<\/span><\/strong><\/li>\n<\/ol>\n<p>O Jejum de Daniel acontecer\u00e1 de domingo, 22 de junho a 13 de julho<\/p>\n<ol start=\"11\">\n<li><strong> <span style=\"color: #07747d;\">O que devo assistir durante esse per\u00edodo?<\/span><br \/><\/strong><\/li>\n<\/ol>\n<p>Voc\u00ea pode assistir a filmes crist\u00e3os e conte\u00fado inspirador dispon\u00edveis na plataforma Univer que o ajudar\u00e3o a se aproximar de Deus. Mas tome cuidado para n\u00e3o se deixar levar pelo entretenimento. O objetivo deste prop\u00f3sito \u00e9 que voc\u00ea desenvolva seu relacionamento pessoal com Deus, abandonando distra\u00e7\u00f5es e atitudes erradas e fortalecendo sua comunh\u00e3o com Ele.<\/p>\n<ol start=\"12\">\n<li>\n<p><strong> <span style=\"color: #07747d;\">O que devo comer durante esse per\u00edodo?<br \/><\/span><\/strong><\/p>\n<\/li>\n<\/ol>\n<p>O Jejum de Daniel n\u00e3o \u00e9 um jejum baseado em comida. No entanto, se voc\u00ea deseja manter uma dieta mais saud\u00e1vel durante esse per\u00edodo, pode optar por abrir m\u00e3o de certos alimentos prazerosos, como Daniel fez, se sua sa\u00fade permitir.<\/p>\n<p><strong style=\"color: #07747d;\">Santifica\u00e7\u00e3o durante o Jejum de Daniel<\/strong><\/p>\n<p>Durante esse per\u00edodo, o objetivo \u00e9 buscar a santifica\u00e7\u00e3o diante de Deus, distanciando-nos de tudo o que nos separa dEle. A mentalidade que tem dominado este mundo tem levado muitos a se afastarem ainda mais de Seus princ\u00edpios. E o Jejum de Daniel vai contra isso, pois oferece uma redefini\u00e7\u00e3o \u2013 uma maneira para cada pessoa refletir, se livrar de influ\u00eancias prejudiciais e restaurar em si a imagem e semelhan\u00e7a de Deus.<\/p>\n<p>Mas recebereis o poder do Esp\u00edrito Santo, que h\u00e1 de vir sobre v\u00f3s; e ser-me-eis testemunhas, tanto em Jerusal\u00e9m como em toda a Judeia e Samaria, e at\u00e9 aos confins da terra. Atos 1:8<\/p>\n<h2 class=\"fusion-responsive-typography-calculated\" style=\"font-size: 18px; color: #086363; --fontsize: 18; line-height: 3.33; --minfontsize: 18;\" data-fusion-font=\"true\" data-fontsize=\"18\" data-lineheight=\"59.94px\">&nbsp;<\/h2>\n<\/section>\n<\/div><div class=\"fusion-testimonials clean awb-speech-bubble-hide fusion-testimonials-1\" style=\"--awb-name-company-text-color:#141617;--awb-name-company-font-size:18px;--awb-name-company-line-height:1.2;--awb-name-company-letter-spacing:0px;--awb-name-company-text-transform:var(--awb-typography5-text-transform);--awb-textcolor:#ffffff;--awb-testimonial-text-font-size:21px;--awb-testimonial-text-line-height:1.5;--awb-testimonial-text-letter-spacing:0px;--awb-testimonial-text-text-transform:var(--awb-typography4-text-transform);--awb-backgroundcolor:var(--awb-custom_color_2);--awb-testimonial-border-style:solid;--awb-testimonial-border-color:var(--awb-color1);--awb-navigation-size:12px;--awb-navigation-color:#447058;--awb-border-top-left-radius:8px;--awb-border-top-right-radius:8px;--awb-border-bottom-left-radius:8px;--awb-border-bottom-right-radius:8px;--testimonial-border-width-top:0px;--testimonial-border-width-right:110px;--testimonial-border-width-bottom:0px;--testimonial-border-width-left:100px;--awb-testimonial-text-font-family:&quot;Nunito Sans&quot;;--awb-testimonial-text-font-style:normal;--awb-testimonial-text-font-weight:400;--awb-name-company-font-family:&quot;Nunito Sans&quot;;--awb-name-company-font-style:normal;--awb-name-company-font-weight:400;\" data-random=\"0\" data-speed=\"4000\"><div class=\"reviews\"><div class=\"review active-testimonial avatar-above no-avatar\" style=\"--awb-avatar-size:0px;\"><blockquote class=\"testimonials-shortcode-blockquote\"><div class=\"awb-quote awb-testimonial-icon\"><i class=\"awb-t-icon-left fa-quote-left fas\"><\/i><div class=\"awb-quote-content\">\n<h4 style=\"text-align: center;\"><span class=\"woj\">&nbsp; &nbsp; &nbsp; &nbsp;<\/span><span style=\"color: #ffffff;\">Mas recebereis o poder do Esp\u00edrito Santo, que h\u00e1 de vir sobre v\u00f3s; e ser-me-eis testemunhas, tanto em Jerusal\u00e9m como em toda a Judeia e Samaria, e at\u00e9 aos confins da terra.&#8221; Atos 1:8<\/span><\/h4>\n<\/div><\/div><\/blockquote><div class=\"author\"><span class=\"company-name\"><\/span><\/div><\/div><\/div><\/div><\/div><\/div><div class=\"fusion-layout-column fusion_builder_column fusion-builder-column-2 fusion_builder_column_1_5 1_5 fusion-flex-column\" style=\"--awb-bg-size:cover;--awb-width-large:20%;--awb-margin-top-large:0px;--awb-spacing-right-large:9.6%;--awb-margin-bottom-large:20px;--awb-spacing-left-large:9.6%;--awb-width-medium:100%;--awb-order-medium:0;--awb-spacing-right-medium:1.92%;--awb-spacing-left-medium:1.92%;--awb-width-small:100%;--awb-order-small:0;--awb-spacing-right-small:1.92%;--awb-spacing-left-small:1.92%;\"><div class=\"fusion-column-wrapper fusion-column-has-shadow fusion-flex-justify-content-flex-start fusion-content-layout-column\"><div class=\"fusion-image-element \" style=\"--awb-caption-title-font-family:var(--h2_typography-font-family);--awb-caption-title-font-weight:var(--h2_typography-font-weight);--awb-caption-title-font-style:var(--h2_typography-font-style);--awb-caption-title-size:var(--h2_typography-font-size);--awb-caption-title-transform:var(--h2_typography-text-transform);--awb-caption-title-line-height:var(--h2_typography-line-height);--awb-caption-title-letter-spacing:var(--h2_typography-letter-spacing);\"><span class=\" fusion-imageframe imageframe-none imageframe-1 hover-type-none\"><img decoding=\"async\" width=\"550\" height=\"600\" title=\"3 steps\" src=\"https:\/\/www.uckg.org\/fastofdaniel\/wp-content\/uploads\/2025\/06\/question-mark-1.jpg\" alt class=\"img-responsive wp-image-1538\"\/><\/span><\/div><\/div><\/div><\/div><\/div><\/p>\n","protected":false},"excerpt":{"rendered":"","protected":false},"author":10,"featured_media":0,"parent":0,"menu_order":0,"comment_status":"closed","ping_status":"closed","template":"","meta":{"footnotes":""},"class_list":["post-1779","page","type-page","status-publish","hentry"],"_links":{"self":[{"href":"https:\/\/www.uckg.org\/jejumdedaniel\/wp-json\/wp\/v2\/pages\/1779","targetHints":{"allow":["GET"]}}],"collection":[{"href":"https:\/\/www.uckg.org\/jejumdedaniel\/wp-json\/wp\/v2\/pages"}],"about":[{"href":"https:\/\/www.uckg.org\/jejumdedaniel\/wp-json\/wp\/v2\/types\/page"}],"author":[{"embeddable":true,"href":"https:\/\/www.uckg.org\/jejumdedaniel\/wp-json\/wp\/v2\/users\/10"}],"replies":[{"embeddable":true,"href":"https:\/\/www.uckg.org\/jejumdedaniel\/wp-json\/wp\/v2\/comments?post=1779"}],"version-history":[{"count":4,"href":"https:\/\/www.uckg.org\/jejumdedaniel\/wp-json\/wp\/v2\/pages\/1779\/revisions"}],"predecessor-version":[{"id":1946,"href":"https:\/\/www.uckg.org\/jejumdedaniel\/wp-json\/wp\/v2\/pages\/1779\/revisions\/1946"}],"wp:attachment":[{"href":"https:\/\/www.uckg.org\/jejumdedaniel\/wp-json\/wp\/v2\/media?parent=1779"}],"curies":[{"name":"wp","href":"https:\/\/api.w.org\/{rel}","templated":true}]}}