{"id":1778,"date":"2025-06-18T13:41:04","date_gmt":"2025-06-18T13:41:04","guid":{"rendered":"https:\/\/www.uckg.org\/fastofdaniel\/?page_id=1522"},"modified":"2025-07-04T15:57:20","modified_gmt":"2025-07-04T15:57:20","slug":"um-convite-para-se-aprofundar","status":"publish","type":"page","link":"https:\/\/www.uckg.org\/jejumdedaniel\/um-convite-para-se-aprofundar\/","title":{"rendered":"O Jejum de Daniel: Um Convite para se aprofundar"},"content":{"rendered":"<p><div class=\"fusion-fullwidth fullwidth-box fusion-builder-row-1 fusion-flex-container has-pattern-background has-mask-background fusion-parallax-none nonhundred-percent-fullwidth non-hundred-percent-height-scrolling\" style=\"--awb-border-radius-top-left:0px;--awb-border-radius-top-right:0px;--awb-border-radius-bottom-right:0px;--awb-border-radius-bottom-left:0px;--awb-padding-top:9vw;--awb-margin-bottom:120px;--awb-background-image:linear-gradient(152deg, var(--awb-color8) 0%,hsla(var(--awb-color8-h),var(--awb-color8-s),var(--awb-color8-l),calc(var(--awb-color8-a) - 85%)) 100%),url(https:\/\/www.uckg.org\/fastofdaniel\/wp-content\/uploads\/2025\/06\/shutterstock_270183290-scaled.jpg);;--awb-background-size:cover;--awb-flex-wrap:wrap;\" ><div class=\"fusion-builder-row fusion-row fusion-flex-align-items-stretch fusion-flex-justify-content-center fusion-flex-content-wrap\" style=\"max-width:1144px;margin-left: calc(-4% \/ 2 );margin-right: calc(-4% \/ 2 );\"><div class=\"fusion-layout-column fusion_builder_column fusion-builder-column-0 fusion_builder_column_1_1 1_1 fusion-flex-column\" style=\"--awb-bg-size:cover;--awb-width-large:100%;--awb-margin-top-large:0px;--awb-spacing-right-large:1.92%;--awb-margin-bottom-large:85px;--awb-spacing-left-large:1.92%;--awb-width-medium:100%;--awb-order-medium:0;--awb-spacing-right-medium:1.92%;--awb-spacing-left-medium:1.92%;--awb-width-small:100%;--awb-order-small:0;--awb-spacing-right-small:1.92%;--awb-spacing-left-small:1.92%;\"><div class=\"fusion-column-wrapper fusion-column-has-shadow fusion-flex-justify-content-flex-start fusion-content-layout-column\"><div class=\"fusion-text fusion-text-1\" style=\"--awb-font-size:80px;--awb-line-height:1;--awb-text-color:var(--awb-color1);--awb-text-font-family:&quot;Allura&quot;;--awb-text-font-style:normal;--awb-text-font-weight:400;\"><p style=\"text-align: center;\">O Jejum de Daniel: <\/p>\n<p style=\"text-align: center;\">Um Convite para se aprofundar<\/p>\n<\/div><\/div><\/div><\/div><\/div><div class=\"fusion-fullwidth fullwidth-box fusion-builder-row-2 fusion-flex-container has-pattern-background has-mask-background nonhundred-percent-fullwidth non-hundred-percent-height-scrolling\" style=\"--awb-border-radius-top-left:0px;--awb-border-radius-top-right:0px;--awb-border-radius-bottom-right:0px;--awb-border-radius-bottom-left:0px;--awb-flex-wrap:wrap;\" ><div class=\"fusion-builder-row fusion-row fusion-flex-align-items-flex-start fusion-flex-justify-content-space-around fusion-flex-content-wrap\" style=\"max-width:1144px;margin-left: calc(-4% \/ 2 );margin-right: calc(-4% \/ 2 );\"><div class=\"fusion-layout-column fusion_builder_column fusion-builder-column-1 fusion_builder_column_1_1 1_1 fusion-flex-column\" style=\"--awb-bg-size:cover;--awb-width-large:100%;--awb-margin-top-large:0px;--awb-spacing-right-large:1.92%;--awb-margin-bottom-large:20px;--awb-spacing-left-large:1.92%;--awb-width-medium:100%;--awb-order-medium:0;--awb-spacing-right-medium:1.92%;--awb-spacing-left-medium:1.92%;--awb-width-small:100%;--awb-order-small:0;--awb-spacing-right-small:1.92%;--awb-spacing-left-small:1.92%;\"><div class=\"fusion-column-wrapper fusion-column-has-shadow fusion-flex-justify-content-flex-start fusion-content-layout-column\"><div class=\"fusion-text fusion-text-2\" style=\"--awb-margin-top:-70px;\"><section id=\"learn-more\" style=\"padding: 40px 20px; max-width: 900px; margin: 0 auto; line-height: 1.6;\">\n<p style=\"text-align: justify;\">Se voc\u00ea j\u00e1 anda perto de Deus, sabe que um relacionamento com Ele nunca deve ser est\u00e1tico. Sempre h\u00e1 mais para descobrir \u2013 mais crescimento e desenvolvimento aprimorado. O Jejum de Daniel \u00e9 uma oportunidade divina para voc\u00ea se aprofundar.<\/p>\n<p style=\"text-align: justify;\">Durante esses 21 dias, Deus lhe revelar\u00e1 coisas novas. Ele falar\u00e1, guiar\u00e1 e preparar\u00e1 voc\u00ea para obras maiores \u00e0 medida que voc\u00ea se tornar mais sens\u00edvel \u00e0 Sua voz, alinhado \u00e0 Sua vontade e capacitado para servir como foi chamado.<\/p>\n<p style=\"text-align: justify;\">N\u00e3o deixe a rotina se instalar. Use este prop\u00f3sito para ir al\u00e9m do seu n\u00edvel atual de f\u00e9 e intimidade com Deus. Voc\u00ea j\u00e1 chegou longe, mas o Jejum de Daniel \u00e9 o seu convite para ir ainda mais longe!<\/p>\n<p>&nbsp;<\/p>\n<p style=\"text-align: center;\"><strong><em>\u201cComo, pois, recebestes o Senhor Jesus Cristo, assim tamb\u00e9m andai nele, Enraizados e edificados nele, e confirmados na f\u00e9, assim como fostes ensinados, nela abundando em a\u00e7\u00e3o de gra\u00e7as.\u201d <\/em><\/strong>(Colossenses 2:6-7)<\/p>\n<\/section>\n<\/div><\/div><\/div><\/div><\/div><\/p>\n","protected":false},"excerpt":{"rendered":"","protected":false},"author":10,"featured_media":0,"parent":0,"menu_order":0,"comment_status":"closed","ping_status":"closed","template":"","meta":{"footnotes":""},"class_list":["post-1778","page","type-page","status-publish","hentry"],"_links":{"self":[{"href":"https:\/\/www.uckg.org\/jejumdedaniel\/wp-json\/wp\/v2\/pages\/1778","targetHints":{"allow":["GET"]}}],"collection":[{"href":"https:\/\/www.uckg.org\/jejumdedaniel\/wp-json\/wp\/v2\/pages"}],"about":[{"href":"https:\/\/www.uckg.org\/jejumdedaniel\/wp-json\/wp\/v2\/types\/page"}],"author":[{"embeddable":true,"href":"https:\/\/www.uckg.org\/jejumdedaniel\/wp-json\/wp\/v2\/users\/10"}],"replies":[{"embeddable":true,"href":"https:\/\/www.uckg.org\/jejumdedaniel\/wp-json\/wp\/v2\/comments?post=1778"}],"version-history":[{"count":2,"href":"https:\/\/www.uckg.org\/jejumdedaniel\/wp-json\/wp\/v2\/pages\/1778\/revisions"}],"predecessor-version":[{"id":1888,"href":"https:\/\/www.uckg.org\/jejumdedaniel\/wp-json\/wp\/v2\/pages\/1778\/revisions\/1888"}],"wp:attachment":[{"href":"https:\/\/www.uckg.org\/jejumdedaniel\/wp-json\/wp\/v2\/media?parent=1778"}],"curies":[{"name":"wp","href":"https:\/\/api.w.org\/{rel}","templated":true}]}}