{"id":1777,"date":"2025-06-18T10:09:11","date_gmt":"2025-06-18T10:09:11","guid":{"rendered":"https:\/\/www.uckg.org\/fastofdaniel\/?page_id=1489"},"modified":"2025-07-04T15:40:39","modified_gmt":"2025-07-04T15:40:39","slug":"uma-jornada-para-a-verdadeira-realizacao","status":"publish","type":"page","link":"https:\/\/www.uckg.org\/jejumdedaniel\/uma-jornada-para-a-verdadeira-realizacao\/","title":{"rendered":"Uma Jornada para a Verdadeira Realiza\u00e7\u00e3o"},"content":{"rendered":"<p><div class=\"fusion-fullwidth fullwidth-box fusion-builder-row-1 fusion-flex-container has-pattern-background has-mask-background fusion-parallax-none nonhundred-percent-fullwidth non-hundred-percent-height-scrolling\" style=\"--awb-border-radius-top-left:0px;--awb-border-radius-top-right:0px;--awb-border-radius-bottom-right:0px;--awb-border-radius-bottom-left:0px;--awb-padding-top:9vw;--awb-margin-bottom:120px;--awb-background-image:linear-gradient(152deg, var(--awb-color8) 0%,hsla(var(--awb-color8-h),var(--awb-color8-s),var(--awb-color8-l),calc(var(--awb-color8-a) - 85%)) 70%),url(https:\/\/www.uckg.org\/fastofdaniel\/wp-content\/uploads\/2025\/06\/shutterstock_1673396584-scaled.jpg);;--awb-background-size:cover;--awb-flex-wrap:wrap;\" ><div class=\"fusion-builder-row fusion-row fusion-flex-align-items-flex-start fusion-flex-justify-content-center fusion-flex-content-wrap\" style=\"max-width:1144px;margin-left: calc(-4% \/ 2 );margin-right: calc(-4% \/ 2 );\"><div class=\"fusion-layout-column fusion_builder_column fusion-builder-column-0 fusion_builder_column_1_1 1_1 fusion-flex-column\" style=\"--awb-bg-size:cover;--awb-width-large:100%;--awb-margin-top-large:0px;--awb-spacing-right-large:1.92%;--awb-margin-bottom-large:85px;--awb-spacing-left-large:1.92%;--awb-width-medium:100%;--awb-order-medium:0;--awb-spacing-right-medium:1.92%;--awb-spacing-left-medium:1.92%;--awb-width-small:100%;--awb-order-small:0;--awb-spacing-right-small:1.92%;--awb-spacing-left-small:1.92%;\"><div class=\"fusion-column-wrapper fusion-column-has-shadow fusion-flex-justify-content-flex-start fusion-content-layout-column\"><div class=\"fusion-text fusion-text-1\" style=\"--awb-font-size:80px;--awb-line-height:1;--awb-text-color:var(--awb-color1);--awb-text-font-family:&quot;Allura&quot;;--awb-text-font-style:normal;--awb-text-font-weight:400;\"><p style=\"text-align: center;\"><span style=\"color: var(--awb-text-color); font-family: var(--awb-text-font-family); font-size: var(--awb-font-size); font-style: var(--awb-text-font-style); font-weight: var(--awb-text-font-weight); letter-spacing: var(--awb-letter-spacing); text-align: var(--awb-content-alignment); text-transform: var(--awb-text-transform); background-color: var(--awb-bg-color-hover);\">O Jejum de Daniel: Uma Jornada para a Verdadeira Realiza\u00e7\u00e3o<\/span><\/p>\n<\/div><\/div><\/div><\/div><\/div><div class=\"fusion-fullwidth fullwidth-box fusion-builder-row-2 fusion-flex-container has-pattern-background has-mask-background nonhundred-percent-fullwidth non-hundred-percent-height-scrolling\" style=\"--awb-border-radius-top-left:0px;--awb-border-radius-top-right:0px;--awb-border-radius-bottom-right:0px;--awb-border-radius-bottom-left:0px;--awb-flex-wrap:wrap;\" ><div class=\"fusion-builder-row fusion-row fusion-flex-align-items-flex-start fusion-flex-content-wrap\" style=\"max-width:1144px;margin-left: calc(-4% \/ 2 );margin-right: calc(-4% \/ 2 );\"><div class=\"fusion-layout-column fusion_builder_column fusion-builder-column-1 fusion_builder_column_1_1 1_1 fusion-flex-column\" style=\"--awb-bg-size:cover;--awb-width-large:100%;--awb-margin-top-large:0px;--awb-spacing-right-large:1.92%;--awb-margin-bottom-large:20px;--awb-spacing-left-large:1.92%;--awb-width-medium:100%;--awb-order-medium:0;--awb-spacing-right-medium:1.92%;--awb-spacing-left-medium:1.92%;--awb-width-small:100%;--awb-order-small:0;--awb-spacing-right-small:1.92%;--awb-spacing-left-small:1.92%;\"><div class=\"fusion-column-wrapper fusion-column-has-shadow fusion-flex-justify-content-flex-start fusion-content-layout-column\"><div class=\"fusion-text fusion-text-2\" style=\"--awb-margin-top:-70px;\"><p><!-- Main Content Section --><\/p>\n<section id=\"learn-more\" style=\"padding: 40px 20px; max-width: 900px; margin: 0 auto; line-height: 1.6;\">\n<h2 class=\"\" style=\"color: #086363; font-size: 35px; --fontsize: 35; line-height: 1.71;\" data-fusion-font=\"true\" data-fontsize=\"35\" data-lineheight=\"59.85px\">Por que me sinto vazio?<\/h2>\n<p style=\"text-align: justify;\">Voc\u00ea j\u00e1 sentiu que algo est\u00e1 faltando em sua vida \u2014 um tipo de vazio que nenhum relacionamento, sucesso ou posse pode verdadeiramente preencher? Esse vazio existe porque fomos criados para ter um relacionamento com Deus por meio da presen\u00e7a do Esp\u00edrito Santo. Se essa conex\u00e3o estiver ausente, o espa\u00e7o que Ele deveria ocupar <span style=\"color: var(--awb-text-color); font-family: var(--awb-text-font-family); font-size: var(--awb-font-size); font-style: var(--awb-text-font-style); font-weight: var(--awb-text-font-weight); letter-spacing: var(--awb-letter-spacing); text-align: var(--awb-content-alignment); text-transform: var(--awb-text-transform); background-color: var(--awb-bg-color-hover);\">permanece vazio.<\/span><\/p>\n<h2 class=\"\" style=\"color: #086363; font-size: 35px; --fontsize: 35; line-height: 1.71;\" data-fusion-font=\"true\" data-fontsize=\"35\" data-lineheight=\"59.85px\">O Prop\u00f3sito do Jejum<\/h2>\n<p style=\"text-align: justify; font-size: 16px;\" data-fusion-font=\"true\">The good news is that this can change, and that\u2019s where the Fast of Daniel comes in. This 21-day journey is designed to help us disconnect from the noise and distractions of the world and connect with the One who offers true peace, clarity, direction, and \u2013 most importantly \u2013 eternal life. Without Him, we are spiritually lost, but with Him, we are never alone.<\/p>\n<p style=\"text-align: justify; font-size: 16px;\" data-fusion-font=\"true\">This spiritual fast isn\u2019t about religious rituals \u2013 it\u2019s about transformation. During this time, we step away from secular influences and focus entirely on seeking God \u2013 through prayer, meditating on His Word and making room in our lives for Him to dwell within us.<\/p>\n<p style=\"text-align: justify; font-size: 16px;\" data-fusion-font=\"true\">So, don\u2019t miss this opportunity!<\/p>\n<h2 class=\"\" style=\"color: #086363; font-size: 35px; --fontsize: 35; line-height: 1.71;\" data-fusion-font=\"true\" data-fontsize=\"35\" data-lineheight=\"59.85px\">Como participar<\/h2>\n<ol>\n<li>Desconecte-se do entretenimento secular e das influ\u00eancias do mundo<\/li>\n<li>Comprometa-se em orar mais&nbsp;<\/li>\n<li>Leia e medite nas Escrituras<\/li>\n<li>Frequente a igreja<\/li>\n<li>Mantenha const\u00e2ncia e intencionalidade por 21 dias<\/li>\n<\/ol>\n<p>Neste site, voc\u00ea pode aprender mais sobre o Jejum de Daniel, como participar e como essa jornada transformadora pode levar ao encontro mais importante da sua vida: receber o Esp\u00edrito do Deus Vivo.<\/p>\n<p><span style=\"font-size: 16px;\" data-fusion-font=\"true\"><strong><em>\u201cE porei dentro de v\u00f3s o meu Esp\u00edrito, e farei que andeis nos meus estatutos, e guardeis os meus ju\u00edzos, e os observeis.\u201d <\/em><\/strong>(<strong>Ezequiel 36:27)<\/strong>.<\/span><\/p>\n<\/section>\n<\/div><\/div><\/div><\/div><\/div><\/p>\n","protected":false},"excerpt":{"rendered":"","protected":false},"author":10,"featured_media":0,"parent":0,"menu_order":0,"comment_status":"closed","ping_status":"closed","template":"","meta":{"footnotes":""},"class_list":["post-1777","page","type-page","status-publish","hentry"],"_links":{"self":[{"href":"https:\/\/www.uckg.org\/jejumdedaniel\/wp-json\/wp\/v2\/pages\/1777","targetHints":{"allow":["GET"]}}],"collection":[{"href":"https:\/\/www.uckg.org\/jejumdedaniel\/wp-json\/wp\/v2\/pages"}],"about":[{"href":"https:\/\/www.uckg.org\/jejumdedaniel\/wp-json\/wp\/v2\/types\/page"}],"author":[{"embeddable":true,"href":"https:\/\/www.uckg.org\/jejumdedaniel\/wp-json\/wp\/v2\/users\/10"}],"replies":[{"embeddable":true,"href":"https:\/\/www.uckg.org\/jejumdedaniel\/wp-json\/wp\/v2\/comments?post=1777"}],"version-history":[{"count":2,"href":"https:\/\/www.uckg.org\/jejumdedaniel\/wp-json\/wp\/v2\/pages\/1777\/revisions"}],"predecessor-version":[{"id":1884,"href":"https:\/\/www.uckg.org\/jejumdedaniel\/wp-json\/wp\/v2\/pages\/1777\/revisions\/1884"}],"wp:attachment":[{"href":"https:\/\/www.uckg.org\/jejumdedaniel\/wp-json\/wp\/v2\/media?parent=1777"}],"curies":[{"name":"wp","href":"https:\/\/api.w.org\/{rel}","templated":true}]}}