{"id":1776,"date":"2025-06-17T14:21:02","date_gmt":"2025-06-17T14:21:02","guid":{"rendered":"https:\/\/www.uckg.org\/fastofdaniel\/?page_id=1435"},"modified":"2025-07-04T15:25:43","modified_gmt":"2025-07-04T15:25:43","slug":"tempo-a-sos-com-deus","status":"publish","type":"page","link":"https:\/\/www.uckg.org\/jejumdedaniel\/tempo-a-sos-com-deus\/","title":{"rendered":"Tempo a s\u00f3s com Deus"},"content":{"rendered":"<p><div class=\"fusion-fullwidth fullwidth-box fusion-builder-row-1 fusion-flex-container has-pattern-background has-mask-background fusion-parallax-none nonhundred-percent-fullwidth non-hundred-percent-height-scrolling\" style=\"--awb-border-radius-top-left:0px;--awb-border-radius-top-right:0px;--awb-border-radius-bottom-right:0px;--awb-border-radius-bottom-left:0px;--awb-padding-top:9vw;--awb-margin-bottom:120px;--awb-background-image:linear-gradient(152deg, var(--awb-color8) 0%,hsla(var(--awb-color8-h),var(--awb-color8-s),var(--awb-color8-l),calc(var(--awb-color8-a) - 85%)) 70%),url(https:\/\/www.uckg.org\/fastofdaniel\/wp-content\/uploads\/2025\/06\/shutterstock_2170976663-scaled.jpg);;--awb-background-size:cover;--awb-flex-wrap:wrap;\" ><div class=\"fusion-builder-row fusion-row fusion-flex-align-items-center fusion-flex-content-wrap\" style=\"max-width:1144px;margin-left: calc(-4% \/ 2 );margin-right: calc(-4% \/ 2 );\"><div class=\"fusion-layout-column fusion_builder_column fusion-builder-column-0 fusion_builder_column_1_1 1_1 fusion-flex-column\" style=\"--awb-bg-size:cover;--awb-width-large:100%;--awb-margin-top-large:0px;--awb-spacing-right-large:1.92%;--awb-margin-bottom-large:85px;--awb-spacing-left-large:1.92%;--awb-width-medium:100%;--awb-order-medium:0;--awb-spacing-right-medium:1.92%;--awb-spacing-left-medium:1.92%;--awb-width-small:100%;--awb-order-small:0;--awb-spacing-right-small:1.92%;--awb-spacing-left-small:1.92%;\"><div class=\"fusion-column-wrapper fusion-column-has-shadow fusion-flex-justify-content-flex-start fusion-content-layout-column\"><div class=\"fusion-text fusion-text-1 fusion-text-no-margin\" style=\"--awb-font-size:60px;--awb-text-color:var(--awb-color1);--awb-margin-bottom:120px;--awb-text-font-family:&quot;Allura&quot;;--awb-text-font-style:normal;--awb-text-font-weight:400;\"><p style=\"text-align: center;\">Tempo a s\u00f3s com Deus<\/p>\n<\/div><\/div><\/div><\/div><\/div><div class=\"fusion-fullwidth fullwidth-box fusion-builder-row-2 fusion-flex-container has-pattern-background has-mask-background nonhundred-percent-fullwidth non-hundred-percent-height-scrolling\" style=\"--awb-border-radius-top-left:0px;--awb-border-radius-top-right:0px;--awb-border-radius-bottom-right:0px;--awb-border-radius-bottom-left:0px;--awb-flex-wrap:wrap;\" ><div class=\"fusion-builder-row fusion-row fusion-flex-align-items-flex-start fusion-flex-content-wrap\" style=\"max-width:1144px;margin-left: calc(-4% \/ 2 );margin-right: calc(-4% \/ 2 );\"><div class=\"fusion-layout-column fusion_builder_column fusion-builder-column-1 fusion_builder_column_1_2 1_2 fusion-flex-column\" style=\"--awb-bg-size:cover;--awb-width-large:50%;--awb-margin-top-large:0px;--awb-spacing-right-large:3.84%;--awb-margin-bottom-large:20px;--awb-spacing-left-large:3.84%;--awb-width-medium:100%;--awb-order-medium:0;--awb-spacing-right-medium:1.92%;--awb-spacing-left-medium:1.92%;--awb-width-small:100%;--awb-order-small:0;--awb-spacing-right-small:1.92%;--awb-spacing-left-small:1.92%;\"><div class=\"fusion-column-wrapper fusion-column-has-shadow fusion-flex-justify-content-flex-start fusion-content-layout-column\"><div class=\"fusion-text fusion-text-2\"><p style=\"text-align: justify;\" data-start=\"52\" data-end=\"114\"><strong style=\"color: #07747d;\" data-start=\"52\" data-end=\"114\">Voc\u00ea tem separado um tempo diariamente para buscar a Deus?<\/strong><\/p>\n<p style=\"text-align: justify;\" data-start=\"116\" data-end=\"202\">Voc\u00ea sabia que Jesus frequentemente se retirava para passar um tempo sozinho com Deus?<\/p>\n<p style=\"text-align: justify;\" data-start=\"204\" data-end=\"438\">Mesmo sendo perfeito e sem pecado, Ele ainda assim reservava momentos de solitude e ora\u00e7\u00e3o. Se Jesus \u2014 que n\u00e3o precisava de corre\u00e7\u00e3o nem de perd\u00e3o \u2014 via a import\u00e2ncia de estar a s\u00f3s com o Pai, quanto mais n\u00f3s dever\u00edamos fazer o mesmo?<\/p>\n<p style=\"text-align: justify;\" data-start=\"440\" data-end=\"575\">Um relacionamento verdadeiro com Deus \u00e9 cultivado em particular. \u00c9 nesses momentos silenciosos que a for\u00e7a espiritual come\u00e7a a crescer.<\/p>\n<p style=\"text-align: justify;\" data-start=\"577\" data-end=\"762\">Como Jesus ensinou:<br data-start=\"596\" data-end=\"599\" \/>\u201c&#8230;Mas tu, quando orares, entra no teu aposento, e, fechando a tua porta, ora a teu Pai que est\u00e1 em secreto; e teu Pai, que v\u00ea em secreto, te recompensar\u00e1 publicamente.&#8221; (Mateus 6:6)<\/p>\n<p style=\"text-align: justify;\" data-start=\"764\" data-end=\"1057\">A ora\u00e7\u00e3o \u00e9 uma forma de buscar a Deus, mas muitos dos Salmos na B\u00edblia foram originalmente escritos como c\u00e2nticos. Esses textos sagrados podem ser meditados n\u00e3o apenas pela leitura, mas tamb\u00e9m atrav\u00e9s do louvor. Por s\u00e9culos, as pessoas t\u00eam recorrido aos Salmos para devo\u00e7\u00e3o e adora\u00e7\u00e3o pessoal.<\/p>\n<p style=\"text-align: justify;\" data-end=\"1214\" data-start=\"1059\">Clique no link para visitar a nossa p\u00e1gina oficial no YouTube \u2014 <a href=\"https:\/\/www.youtube.com\/@uckgsongs-official5213\/videos\"><strong style=\"color: #07747d;\" data-end=\"1137\" data-start=\"1123\">UCKG Songs<\/strong> <\/a>\u2014 um espa\u00e7o dedicado a te ajudar a aprofundar sua adora\u00e7\u00e3o pessoal com Deus.<\/p>\n<\/div><\/div><\/div><div class=\"fusion-layout-column fusion_builder_column fusion-builder-column-2 fusion_builder_column_1_2 1_2 fusion-flex-column\" style=\"--awb-bg-size:cover;--awb-width-large:50%;--awb-margin-top-large:0px;--awb-spacing-right-large:3.84%;--awb-margin-bottom-large:20px;--awb-spacing-left-large:3.84%;--awb-width-medium:100%;--awb-order-medium:0;--awb-spacing-right-medium:1.92%;--awb-spacing-left-medium:1.92%;--awb-width-small:100%;--awb-order-small:0;--awb-spacing-right-small:1.92%;--awb-spacing-left-small:1.92%;\"><div class=\"fusion-column-wrapper fusion-column-has-shadow fusion-flex-justify-content-flex-start fusion-content-layout-column\"><div class=\"fusion-image-element \" style=\"--awb-caption-title-font-family:var(--h2_typography-font-family);--awb-caption-title-font-weight:var(--h2_typography-font-weight);--awb-caption-title-font-style:var(--h2_typography-font-style);--awb-caption-title-size:var(--h2_typography-font-size);--awb-caption-title-transform:var(--h2_typography-text-transform);--awb-caption-title-line-height:var(--h2_typography-line-height);--awb-caption-title-letter-spacing:var(--h2_typography-letter-spacing);\"><span class=\" fusion-imageframe imageframe-none imageframe-1 hover-type-none\"><img decoding=\"async\" width=\"550\" height=\"600\" title=\"garden-olive-tree\" src=\"https:\/\/www.uckg.org\/fastofdaniel\/wp-content\/uploads\/2025\/06\/garden-olive-tree.jpg\" alt class=\"img-responsive wp-image-1686\" srcset=\"https:\/\/www.uckg.org\/jejumdedaniel\/wp-content\/uploads\/2025\/06\/garden-olive-tree-200x218.jpg 200w, https:\/\/www.uckg.org\/jejumdedaniel\/wp-content\/uploads\/2025\/06\/garden-olive-tree-400x436.jpg 400w, https:\/\/www.uckg.org\/jejumdedaniel\/wp-content\/uploads\/2025\/06\/garden-olive-tree.jpg 550w\" sizes=\"(max-width: 1024px) 100vw, (max-width: 640px) 100vw, 550px\" \/><\/span><\/div><\/div><\/div><\/div><\/div><\/p>\n","protected":false},"excerpt":{"rendered":"","protected":false},"author":10,"featured_media":0,"parent":0,"menu_order":0,"comment_status":"closed","ping_status":"closed","template":"","meta":{"footnotes":""},"class_list":["post-1776","page","type-page","status-publish","hentry"],"_links":{"self":[{"href":"https:\/\/www.uckg.org\/jejumdedaniel\/wp-json\/wp\/v2\/pages\/1776","targetHints":{"allow":["GET"]}}],"collection":[{"href":"https:\/\/www.uckg.org\/jejumdedaniel\/wp-json\/wp\/v2\/pages"}],"about":[{"href":"https:\/\/www.uckg.org\/jejumdedaniel\/wp-json\/wp\/v2\/types\/page"}],"author":[{"embeddable":true,"href":"https:\/\/www.uckg.org\/jejumdedaniel\/wp-json\/wp\/v2\/users\/10"}],"replies":[{"embeddable":true,"href":"https:\/\/www.uckg.org\/jejumdedaniel\/wp-json\/wp\/v2\/comments?post=1776"}],"version-history":[{"count":2,"href":"https:\/\/www.uckg.org\/jejumdedaniel\/wp-json\/wp\/v2\/pages\/1776\/revisions"}],"predecessor-version":[{"id":1882,"href":"https:\/\/www.uckg.org\/jejumdedaniel\/wp-json\/wp\/v2\/pages\/1776\/revisions\/1882"}],"wp:attachment":[{"href":"https:\/\/www.uckg.org\/jejumdedaniel\/wp-json\/wp\/v2\/media?parent=1776"}],"curies":[{"name":"wp","href":"https:\/\/api.w.org\/{rel}","templated":true}]}}